{"id":413,"date":"2024-07-24T17:49:40","date_gmt":"2024-07-24T17:49:40","guid":{"rendered":"https:\/\/ricoybonito.com\/?page_id=413"},"modified":"2025-10-08T21:46:34","modified_gmt":"2025-10-08T21:46:34","slug":"proyectos","status":"publish","type":"page","link":"https:\/\/ricoybonito.com\/index.php\/proyectos\/","title":{"rendered":"Proyectos"},"content":{"rendered":"<p>[et_pb_section fb_built=\u00bb1&#8243; custom_padding_last_edited=\u00bbon|phone\u00bb _builder_version=\u00bb4.25.1&#8243; _module_preset=\u00bbdefault\u00bb background_enable_color=\u00bboff\u00bb background_image=\u00bbhttps:\/\/ricoybonito.com\/wp-content\/uploads\/2024\/07\/RICOYBONITO-1.jpg\u00bb parallax=\u00bbon\u00bb custom_margin=\u00bb-110px||||false|false\u00bb custom_margin_tablet=\u00bb-160px||||false|false\u00bb custom_margin_phone=\u00bb-300px||||false|false\u00bb custom_margin_last_edited=\u00bbon|phone\u00bb custom_padding_tablet=\u00bb\u00bb custom_padding_phone=\u00bb200px||||false|false\u00bb hover_enabled=\u00bb0&#8243; background_last_edited=\u00bbon|phone\u00bb parallax_tablet=\u00bboff\u00bb background_size_phone=\u00bbcover\u00bb background_position_tablet=\u00bbtop_left\u00bb background_position_phone=\u00bbcenter\u00bb global_colors_info=\u00bb{%22gcid-0ea4e22f-b34d-4d55-b8b5-6776de0cb7ad%22:%91%22background_color%22%93}\u00bb sticky_enabled=\u00bb0&#8243;][et_pb_row admin_label=\u00bbHero section\u00bb _builder_version=\u00bb4.25.1&#8243; _module_preset=\u00bbdefault\u00bb width=\u00bb60vw\u00bb width_tablet=\u00bb60vw\u00bb width_phone=\u00bb90vw\u00bb width_last_edited=\u00bbon|desktop\u00bb max_width=\u00bb60vw\u00bb max_width_tablet=\u00bb60vw\u00bb max_width_phone=\u00bb90vw\u00bb max_width_last_edited=\u00bbon|desktop\u00bb custom_padding=\u00bb0px||0px||false|false\u00bb custom_padding_tablet=\u00bb100px||100px||true|false\u00bb custom_padding_phone=\u00bb0px||0px||false|false\u00bb hover_enabled=\u00bb0&#8243; global_colors_info=\u00bb{}\u00bb sticky_enabled=\u00bb0&#8243; make_equal=\u00bbon\u00bb][et_pb_column type=\u00bb4_4&#8243; _builder_version=\u00bb4.25.1&#8243; _module_preset=\u00bbdefault\u00bb global_colors_info=\u00bb{}\u00bb][et_pb_text _builder_version=\u00bb4.25.1&#8243; _module_preset=\u00bbdefault\u00bb header_text_color=\u00bbgcid-0ea4e22f-b34d-4d55-b8b5-6776de0cb7ad\u00bb custom_padding=\u00bb150px||200px||false|false\u00bb custom_padding_phone=\u00bb20px||50px||false|false\u00bb hover_enabled=\u00bb0&#8243; locked=\u00bboff\u00bb global_colors_info=\u00bb{%22gcid-428b1589-25ce-4133-9b31-3685c32285c6%22:%91%22text_text_color%22,%22text_text_color%22,%22text_text_color%22%93,%22gcid-21a2767f-f68b-42b9-890c-7f7e981544bc%22:%91%22header_2_text_color%22,%22header_2_text_color%22,%22header_2_text_color%22%93,%22gcid-0ea4e22f-b34d-4d55-b8b5-6776de0cb7ad%22:%91%22header_text_color%22%93}\u00bb width_last_edited=\u00bbon|phone\u00bb width_phone=\u00bb90%\u00bb max_width_last_edited=\u00bbon|phone\u00bb max_width_phone=\u00bb90%\u00bb module_alignment_last_edited=\u00bbon|phone\u00bb module_alignment_phone=\u00bbcenter\u00bb sticky_enabled=\u00bb0&#8243; custom_padding_tablet=\u00bb30px||0px||false|false\u00bb]<\/p>\n<h1>Conoce nuestros proyectos<\/h1>\n<p>[\/et_pb_text][\/et_pb_column][\/et_pb_row][\/et_pb_section][et_pb_section fb_built=\u00bb1&#8243; admin_label=\u00bbSecci\u00f3n\u00bb _builder_version=\u00bb4.25.1&#8243; _module_preset=\u00bbdefault\u00bb background_enable_color=\u00bboff\u00bb background_image=\u00bbhttps:\/\/ricoybonito.com\/wp-content\/uploads\/2024\/07\/RyB_assets_BG_vertical_09.png\u00bb parallax=\u00bbon\u00bb global_colors_info=\u00bb{%22gcid-e25c072f-9caa-426b-aea2-08bd41c8f1a5%22:%91%22background_color%22,%22background_color_gradient_stops%22%93,%22gcid-19b741b2-551b-4633-855c-bc9e4774add8%22:%91%22background_color_gradient_stops%22%93,%22gcid-df22a5b9-e5e4-4835-b318-42f755100929%22:%91%22background_color_gradient_stops%22%93}\u00bb][et_pb_row admin_label=\u00bbPodcast\u00bb module_id=\u00bblibros\u00bb _builder_version=\u00bb4.25.1&#8243; _module_preset=\u00bbdefault\u00bb background_enable_image=\u00bboff\u00bb background_size=\u00bbinitial\u00bb background_position=\u00bbbottom_left\u00bb background_horizontal_offset=\u00bb10%\u00bb scroll_horizontal_motion=\u00bb0|50|50|100|4|0|0&#8243; scroll_horizontal_motion_tablet=\u00bb0|50|50|100|4|0|0&#8243; scroll_horizontal_motion_phone=\u00bb0|50|50|100|4|0|0&#8243; scroll_horizontal_motion_last_edited=\u00bbon|desktop\u00bb global_colors_info=\u00bb{}\u00bb][et_pb_column type=\u00bb4_4&#8243; _builder_version=\u00bb4.25.1&#8243; _module_preset=\u00bbdefault\u00bb global_colors_info=\u00bb{}\u00bb][et_pb_image src=\u00bbhttps:\/\/ricoybonito.com\/wp-content\/uploads\/2024\/07\/RyB-Assets_flechasDobles_down.png\u00bb title_text=\u00bbRyB-Assets_flechasDobles_down\u00bb align=\u00bbcenter\u00bb _builder_version=\u00bb4.25.1&#8243; _module_preset=\u00bbdefault\u00bb scroll_vertical_motion_enable=\u00bbon\u00bb scroll_vertical_motion=\u00bb0|50|50|100|-1.5|0|0&#8243; global_colors_info=\u00bb{}\u00bb][\/et_pb_image][et_pb_text _builder_version=\u00bb4.25.1&#8243; _module_preset=\u00bbdefault\u00bb header_text_color=\u00bbgcid-e25c072f-9caa-426b-aea2-08bd41c8f1a5&#8243; global_colors_info=\u00bb{%22gcid-428b1589-25ce-4133-9b31-3685c32285c6%22:%91%22text_text_color%22,%22text_text_color%22%93,%22gcid-21a2767f-f68b-42b9-890c-7f7e981544bc%22:%91%22header_2_text_color%22,%22header_2_text_color%22%93,%22gcid-e25c072f-9caa-426b-aea2-08bd41c8f1a5%22:%91%22header_text_color%22%93}\u00bb]<\/p>\n<h1>Libros<\/h1>\n<p>[\/et_pb_text][\/et_pb_column][\/et_pb_row][et_pb_row _builder_version=\u00bb4.25.1&#8243; _module_preset=\u00bbdefault\u00bb custom_padding=\u00bb0px||||false|false\u00bb custom_padding_tablet=\u00bb0px||||false|false\u00bb custom_padding_phone=\u00bb0px||||false|false\u00bb global_colors_info=\u00bb{}\u00bb][et_pb_column type=\u00bb4_4&#8243; _builder_version=\u00bb4.25.1&#8243; _module_preset=\u00bbdefault\u00bb global_colors_info=\u00bb{}\u00bb][et_pb_slider show_image_video_mobile=\u00bbon\u00bb use_bg_overlay=\u00bboff\u00bb use_text_overlay=\u00bboff\u00bb arrows_custom_color=\u00bbgcid-0ea4e22f-b34d-4d55-b8b5-6776de0cb7ad\u00bb dot_nav_custom_color=\u00bbgcid-0ea4e22f-b34d-4d55-b8b5-6776de0cb7ad\u00bb _builder_version=\u00bb4.25.1&#8243; _module_preset=\u00bbdefault\u00bb header_level=\u00bbh1&#8243; header_font=\u00bbChivo||on||||||\u00bb header_text_align=\u00bbleft\u00bb header_text_color=\u00bbgcid-0ea4e22f-b34d-4d55-b8b5-6776de0cb7ad\u00bb body_text_align=\u00bbleft\u00bb body_text_color=\u00bbgcid-21a2767f-f68b-42b9-890c-7f7e981544bc\u00bb body_font_size=\u00bb1.5vw\u00bb body_line_height=\u00bb1.6em\u00bb custom_button=\u00bbon\u00bb button_text_size=\u00bb18px\u00bb button_text_color=\u00bbgcid-21a2767f-f68b-42b9-890c-7f7e981544bc\u00bb button_border_width=\u00bb2px\u00bb button_border_color=\u00bbgcid-21a2767f-f68b-42b9-890c-7f7e981544bc\u00bb button_border_radius=\u00bb30px\u00bb button_font=\u00bbSpace Mono||on||||||\u00bb button_icon_color=\u00bbgcid-21a2767f-f68b-42b9-890c-7f7e981544bc\u00bb button_alignment=\u00bbleft\u00bb custom_padding=\u00bb50px||50px||true|false\u00bb custom_padding_tablet=\u00bb50px||50px||true|false\u00bb custom_padding_phone=\u00bb50px|3vw|80px|3vw|false|true\u00bb custom_padding_last_edited=\u00bbon|phone\u00bb hover_enabled=\u00bb0&#8243; header_font_size_tablet=\u00bb\u00bb header_font_size_phone=\u00bb5vw\u00bb header_font_size_last_edited=\u00bbon|phone\u00bb body_font_size_tablet=\u00bb2.2vw\u00bb body_font_size_phone=\u00bb9vw\u00bb button_alignment_tablet=\u00bbleft\u00bb button_alignment_phone=\u00bbcenter\u00bb button_alignment_last_edited=\u00bbon|phone\u00bb border_radii=\u00bbon|30px|30px|30px|30px\u00bb global_colors_info=\u00bb{%22gcid-0ea4e22f-b34d-4d55-b8b5-6776de0cb7ad%22:%91%22header_text_color%22,%22arrows_custom_color%22,%22dot_nav_custom_color%22%93,%22gcid-21a2767f-f68b-42b9-890c-7f7e981544bc%22:%91%22body_text_color%22,%22button_text_color%22,%22button_border_color%22,%22button_icon_color%22%93}\u00bb sticky_enabled=\u00bb0&#8243;][et_pb_slide heading=\u00bbDe eso no se habla\u00bb button_text=\u00bbVer m\u00e1s\u00bb button_link=\u00bbhttps:\/\/www.amazon.com.mx\/habla-responden-preguntas-sexualidad-placer\/dp\/6075576525&#8243; url_new_window=\u00bbon\u00bb image=\u00bbhttps:\/\/ricoybonito.com\/wp-content\/uploads\/2024\/07\/RicoyBonito-Libro-deEsoNosehabla.png\u00bb use_bg_overlay=\u00bboff\u00bb _builder_version=\u00bb4.25.1&#8243; _module_preset=\u00bbdefault\u00bb header_font_size=\u00bb2.5vw\u00bb background_enable_color=\u00bboff\u00bb background_image=\u00bbhttps:\/\/ricoybonito.com\/wp-content\/uploads\/2024\/07\/RyB_assets_BG_vertical_01.png\u00bb background_enable_image=\u00bbon\u00bb parallax=\u00bbon\u00bb header_text_align_tablet=\u00bb\u00bb header_text_align_phone=\u00bbcenter\u00bb header_text_align_last_edited=\u00bbon|phone\u00bb header_font_size_tablet=\u00bb4.3vw\u00bb header_font_size_phone=\u00bb6vw\u00bb header_font_size_last_edited=\u00bbon|tablet\u00bb body_font_size_tablet=\u00bb2vw\u00bb body_font_size_phone=\u00bb2.5vw\u00bb body_font_size_last_edited=\u00bbon|tablet\u00bb background_last_edited=\u00bbon|phone\u00bb background_image_phone=\u00bbhttps:\/\/ricoybonito.com\/wp-content\/uploads\/2024\/07\/RyB_assets_BG_vertical_01.png\u00bb background_enable_image_phone=\u00bbon\u00bb global_colors_info=\u00bb{}\u00bb sticky_transition=\u00bbon\u00bb]<span><\/span><\/p>\n<p><span><\/span><\/p>\n<p><span><strong>Pocas cosas nos ocupan la mente como nuestra sexualidad. <\/strong>Y sin embargo, a menudo seguimos sin saber c\u00f3mo discutirla o interrogarnos sobre ella: la educaci\u00f3n deficiente, los ejemplos irreales en la pornograf\u00eda, el silencio sobre la atenci\u00f3n adecuada a la violencia y el simple tab\u00fa alrededor de lo que hacemos en la cama (o en el sof\u00e1, en el piso, en el auto\u2026) nos dejan con preguntas mal planteadas, dudas sin resolver y mucha confusi\u00f3n sobre lo que nos ocurre cuando algo se nos antoja o cuando sentimos rico.<\/span><\/p>\n<p><strong>\u00bfQuieres respuestas y nuevas preguntas?<\/strong><br \/>\n<span><\/span><\/p>\n<p><span><\/span>[\/et_pb_slide][et_pb_slide heading=\u00bbDime lo que quiero\u00bb button_text=\u00bb\u00a1Disponible aqu\u00ed!\u00bb button_link=\u00bbhttps:\/\/amzn.to\/4gyNlzq\u00bb image=\u00bbhttps:\/\/ricoybonito.com\/wp-content\/uploads\/2024\/08\/RyB-LibroDimeloquequieras.png\u00bb use_bg_overlay=\u00bboff\u00bb _builder_version=\u00bb4.25.1&#8243; _module_preset=\u00bbdefault\u00bb header_font_size=\u00bb2.5vw\u00bb background_enable_color=\u00bboff\u00bb background_image=\u00bbhttps:\/\/ricoybonito.com\/wp-content\/uploads\/2024\/07\/RyB_assets_BG_vertical_01.png\u00bb background_enable_image=\u00bbon\u00bb parallax=\u00bbon\u00bb header_text_align_tablet=\u00bb\u00bb header_text_align_phone=\u00bbcenter\u00bb header_text_align_last_edited=\u00bbon|phone\u00bb header_font_size_tablet=\u00bb4.3vw\u00bb header_font_size_phone=\u00bb6vw\u00bb header_font_size_last_edited=\u00bbon|tablet\u00bb body_font_size_tablet=\u00bb2vw\u00bb body_font_size_phone=\u00bb2.5vw\u00bb body_font_size_last_edited=\u00bbon|tablet\u00bb background_last_edited=\u00bbon|phone\u00bb background_image_phone=\u00bbhttps:\/\/ricoybonito.com\/wp-content\/uploads\/2024\/07\/RyB_assets_BG_vertical_01.png\u00bb background_enable_image_phone=\u00bbon\u00bb global_colors_info=\u00bb{}\u00bb sticky_transition=\u00bbon\u00bb]<\/p>\n<p><span><\/span><\/p>\n<p><span><\/span><\/p>\n<p><span><strong>\u00bfC\u00f3mo se siente la verg\u00fcenza? <\/strong>Tras un duelo complicado, el joven sex\u00f3logo que narra esta historia retoma su pr\u00e1ctica, sumergi\u00e9ndonos semana a semana en diversos casos cl\u00ednicos que exploran las complejidades de la sexualidad humana. Estas historias, entrelazadas con la lucha personal del narrador y el eco de un fantasma de su pasado, nos hacen preguntarnos, <strong>\u00bfqu\u00e9 hacemos cuando el dolor nos impide acercarnos al placer?<\/strong>&#8230;<\/span><\/p>\n<p>[\/et_pb_slide][\/et_pb_slider][\/et_pb_column][\/et_pb_row][et_pb_row _builder_version=\u00bb4.25.1&#8243; _module_preset=\u00bbdefault\u00bb custom_padding_tablet=\u00bb50px||||false|false\u00bb global_colors_info=\u00bb{}\u00bb][et_pb_column type=\u00bb4_4&#8243; _builder_version=\u00bb4.25.1&#8243; _module_preset=\u00bbdefault\u00bb global_colors_info=\u00bb{}\u00bb][dipl_image_magnifier image=\u00bbhttps:\/\/ricoybonito.com\/wp-content\/uploads\/2024\/07\/RyB-Assets_flecha_03.png\u00bb _builder_version=\u00bb4.25.1&#8243; _module_preset=\u00bbdefault\u00bb text_orientation=\u00bbcenter\u00bb global_colors_info=\u00bb{}\u00bb][\/dipl_image_magnifier][\/et_pb_column][\/et_pb_row][et_pb_row column_structure=\u00bb3_5,2_5&#8243; custom_padding_last_edited=\u00bbon|tablet\u00bb _builder_version=\u00bb4.25.1&#8243; _module_preset=\u00bbdefault\u00bb width_tablet=\u00bb75vw\u00bb max_width_tablet=\u00bb75vw\u00bb custom_margin_tablet=\u00bb\u00bb custom_margin_phone=\u00bb||0px||false|false\u00bb custom_margin_last_edited=\u00bbon|phone\u00bb custom_padding_tablet=\u00bb0px||||false|false\u00bb custom_padding_phone=\u00bb0px||0px||false|false\u00bb locked=\u00bboff\u00bb global_colors_info=\u00bb{}\u00bb][et_pb_column type=\u00bb3_5&#8243; _builder_version=\u00bb4.25.1&#8243; _module_preset=\u00bbdefault\u00bb global_colors_info=\u00bb{}\u00bb][et_pb_image src=\u00bbhttps:\/\/ricoybonito.com\/wp-content\/uploads\/2024\/07\/podcast-ricobonito.png\u00bb title_text=\u00bbpodcast-ricobonito\u00bb disabled_on=\u00bboff|off|on\u00bb _builder_version=\u00bb4.25.1&#8243; _module_preset=\u00bbdefault\u00bb width_tablet=\u00bb50%\u00bb width_phone=\u00bb100%\u00bb width_last_edited=\u00bbon|tablet\u00bb max_width_tablet=\u00bb50%\u00bb max_width_phone=\u00bb100%\u00bb max_width_last_edited=\u00bbon|tablet\u00bb module_alignment_tablet=\u00bbcenter\u00bb module_alignment_phone=\u00bbcenter\u00bb module_alignment_last_edited=\u00bbon|tablet\u00bb global_colors_info=\u00bb{}\u00bb][\/et_pb_image][et_pb_text _builder_version=\u00bb4.25.1&#8243; _module_preset=\u00bbdefault\u00bb text_text_color=\u00bbgcid-e25c072f-9caa-426b-aea2-08bd41c8f1a5&#8243; header_2_font=\u00bbChivo||||||||\u00bb header_2_text_color=\u00bbgcid-428b1589-25ce-4133-9b31-3685c32285c6&#8243; custom_padding=\u00bb||0px||false|false\u00bb text_font_size_tablet=\u00bb\u00bb text_font_size_phone=\u00bb\u00bb text_font_size_last_edited=\u00bbon|phone\u00bb global_colors_info=\u00bb{%22gcid-428b1589-25ce-4133-9b31-3685c32285c6%22:%91%22text_text_color%22,%22header_2_text_color%22%93,%22gcid-e25c072f-9caa-426b-aea2-08bd41c8f1a5%22:%91%22text_text_color%22%93}\u00bb]<\/p>\n<h2><strong>Rico y Bonito es un podcast sobre de sexualidad, placer, relaciones humanas y ternura. <\/strong>Un espacio donde repensamos las formas en que amamos, cogemos y nos relacionamos.<\/h2>\n<p>[\/et_pb_text][\/et_pb_column][et_pb_column type=\u00bb2_5&#8243; _builder_version=\u00bb4.25.1&#8243; _module_preset=\u00bbdefault\u00bb global_colors_info=\u00bb{}\u00bb][et_pb_image src=\u00bbhttps:\/\/ricoybonito.com\/wp-content\/uploads\/2024\/07\/podcast-ricobonito.png\u00bb title_text=\u00bbpodcast-ricobonito\u00bb align_tablet=\u00bbcenter\u00bb align_phone=\u00bbcenter\u00bb align_last_edited=\u00bbon|tablet\u00bb disabled_on=\u00bbon|on|off\u00bb _builder_version=\u00bb4.25.1&#8243; _module_preset=\u00bbdefault\u00bb width=\u00bb65%\u00bb max_width=\u00bb65%\u00bb module_alignment=\u00bbcenter\u00bb border_radii=\u00bbon|150px|150px|150px|150px\u00bb global_colors_info=\u00bb{}\u00bb][\/et_pb_image][\/et_pb_column][\/et_pb_row][et_pb_row _builder_version=\u00bb4.25.1&#8243; _module_preset=\u00bbdefault\u00bb width_phone=\u00bb100vw\u00bb max_width_phone=\u00bb100vw\u00bb custom_padding=\u00bb0px||||false|false\u00bb custom_padding_phone=\u00bb0px||||false|false\u00bb global_colors_info=\u00bb{}\u00bb][et_pb_column type=\u00bb4_4&#8243; _builder_version=\u00bb4.25.1&#8243; _module_preset=\u00bbdefault\u00bb global_colors_info=\u00bb{}\u00bb][et_pb_button button_url=\u00bbhttps:\/\/open.spotify.com\/show\/6gzYIr40swRRqvWSkNb0Ux\u00bb url_new_window=\u00bbon\u00bb button_text=\u00bbIr al podcast\u00bb button_alignment_tablet=\u00bbleft\u00bb button_alignment_phone=\u00bbcenter\u00bb button_alignment_last_edited=\u00bbon|desktop\u00bb _builder_version=\u00bb4.25.1&#8243; _module_preset=\u00bbdefault\u00bb global_colors_info=\u00bb{}\u00bb][\/et_pb_button][et_pb_image src=\u00bbhttps:\/\/ricoybonito.com\/wp-content\/uploads\/2024\/07\/RyB-Assets_flecha_09.png\u00bb title_text=\u00bbRyB-Assets_flecha_09&#8243; align=\u00bbcenter\u00bb _builder_version=\u00bb4.25.1&#8243; _module_preset=\u00bbdefault\u00bb scroll_vertical_motion_enable=\u00bbon\u00bb scroll_vertical_motion=\u00bb0|50|50|100|-1.5|0|0&#8243; global_colors_info=\u00bb{}\u00bb][\/et_pb_image][\/et_pb_column][\/et_pb_row][\/et_pb_section][et_pb_section fb_built=\u00bb1&#8243; _builder_version=\u00bb4.25.1&#8243; _module_preset=\u00bbdefault\u00bb background_enable_image=\u00bboff\u00bb parallax=\u00bbon\u00bb custom_margin=\u00bb0px||0px||true|false\u00bb global_colors_info=\u00bb{}\u00bb][et_pb_row column_structure=\u00bb3_5,2_5&#8243; _builder_version=\u00bb4.25.1&#8243; _dynamic_attributes=\u00bblink_option_url\u00bb _module_preset=\u00bbdefault\u00bb background_image=\u00bbhttps:\/\/ricoybonito.com\/wp-content\/uploads\/2024\/07\/ryb-backgound-foto02-scaled.jpg\u00bb parallax=\u00bbon\u00bb width=\u00bb100vw\u00bb width_phone=\u00bb100vw\u00bb max_width=\u00bb100vw\u00bb max_width_phone=\u00bb100vw\u00bb custom_padding=\u00bb100px||100px||true|false\u00bb custom_padding_tablet=\u00bb50px||50px||true|false\u00bb link_option_url=\u00bb@ET-DC@eyJkeW5hbWljIjp0cnVlLCJjb250ZW50IjoicG9zdF9saW5rX3VybF9wYWdlIiwic2V0dGluZ3MiOnsicG9zdF9pZCI6Ijk3In19@\u00bb global_colors_info=\u00bb{}\u00bb][et_pb_column type=\u00bb3_5&#8243; _builder_version=\u00bb4.25.1&#8243; _module_preset=\u00bbdefault\u00bb global_colors_info=\u00bb{}\u00bb][et_pb_text _builder_version=\u00bb4.25.1&#8243; _module_preset=\u00bbdefault\u00bb header_text_color=\u00bbgcid-0ea4e22f-b34d-4d55-b8b5-6776de0cb7ad\u00bb header_2_text_align=\u00bbcenter\u00bb header_2_text_color=\u00bb#FFFFFF\u00bb background_enable_image=\u00bboff\u00bb parallax=\u00bbon\u00bb module_alignment=\u00bbcenter\u00bb custom_padding=\u00bb70px|5vw|0px|5vw|false|true\u00bb border_radii=\u00bbon|400px|400px|400px|400px\u00bb global_colors_info=\u00bb{%22gcid-428b1589-25ce-4133-9b31-3685c32285c6%22:%91%22text_text_color%22,%22text_text_color%22,%22text_text_color%22,%22text_text_color%22,%22text_text_color%22,%22text_text_color%22,%22text_text_color%22,%22text_text_color%22%93,%22gcid-21a2767f-f68b-42b9-890c-7f7e981544bc%22:%91%22header_2_text_color%22,%22header_2_text_color%22,%22header_2_text_color%22%93,%22gcid-0ea4e22f-b34d-4d55-b8b5-6776de0cb7ad%22:%91%22header_text_color%22%93}\u00bb transform_styles__hover_enabled=\u00bbon|hover\u00bb transform_scale__hover_enabled=\u00bbon|hover\u00bb transform_translate__hover_enabled=\u00bbon|desktop\u00bb transform_rotate__hover_enabled=\u00bbon|desktop\u00bb transform_skew__hover_enabled=\u00bbon|desktop\u00bb transform_origin__hover_enabled=\u00bbon|desktop\u00bb transform_scale__hover=\u00bb110%|110%\u00bb]<\/p>\n<h1>Conoce nuestros cursos<\/h1>\n<p>[\/et_pb_text][\/et_pb_column][et_pb_column type=\u00bb2_5&#8243; _builder_version=\u00bb4.25.1&#8243; _module_preset=\u00bbdefault\u00bb global_colors_info=\u00bb{}\u00bb][et_pb_image src=\u00bbhttps:\/\/ricoybonito.com\/wp-content\/uploads\/2024\/07\/RyB-Assets_flechasDobles_09-1.png\u00bb title_text=\u00bbRyB-Assets_flechasDobles_09&#8243; url=\u00bb@ET-DC@eyJkeW5hbWljIjp0cnVlLCJjb250ZW50IjoicG9zdF9saW5rX3VybF9wYWdlIiwic2V0dGluZ3MiOnsicG9zdF9pZCI6Ijk3In19@\u00bb align=\u00bbcenter\u00bb _builder_version=\u00bb4.25.1&#8243; _dynamic_attributes=\u00bburl\u00bb _module_preset=\u00bbdefault\u00bb custom_padding=\u00bb50px||50px||true|false\u00bb custom_padding_tablet=\u00bb50px||50px||true|false\u00bb custom_padding_phone=\u00bb50px||50px||true|false\u00bb custom_padding_last_edited=\u00bbon|desktop\u00bb scroll_horizontal_motion_enable=\u00bbon\u00bb scroll_horizontal_motion=\u00bb0|50|50|100|-4|0|0&#8243; global_colors_info=\u00bb{}\u00bb][\/et_pb_image][\/et_pb_column][\/et_pb_row][\/et_pb_section]<\/p>\n","protected":false},"excerpt":{"rendered":"<p>Conoce nuestros proyectosLibros Pocas cosas nos ocupan la mente como nuestra sexualidad. Y sin embargo, a menudo seguimos sin saber c\u00f3mo discutirla o interrogarnos sobre ella: la educaci\u00f3n deficiente, los ejemplos irreales en la pornograf\u00eda, el silencio sobre la atenci\u00f3n adecuada a la violencia y el simple tab\u00fa alrededor de lo que hacemos en la [&hellip;]<\/p>\n","protected":false},"author":2,"featured_media":0,"parent":0,"menu_order":0,"comment_status":"closed","ping_status":"closed","template":"","meta":{"_et_pb_use_builder":"on","_et_pb_old_content":"","_et_gb_content_width":"","footnotes":""},"dipi_cpt_category":[],"class_list":["post-413","page","type-page","status-publish","hentry"],"_links":{"self":[{"href":"https:\/\/ricoybonito.com\/index.php\/wp-json\/wp\/v2\/pages\/413","targetHints":{"allow":["GET"]}}],"collection":[{"href":"https:\/\/ricoybonito.com\/index.php\/wp-json\/wp\/v2\/pages"}],"about":[{"href":"https:\/\/ricoybonito.com\/index.php\/wp-json\/wp\/v2\/types\/page"}],"author":[{"embeddable":true,"href":"https:\/\/ricoybonito.com\/index.php\/wp-json\/wp\/v2\/users\/2"}],"replies":[{"embeddable":true,"href":"https:\/\/ricoybonito.com\/index.php\/wp-json\/wp\/v2\/comments?post=413"}],"version-history":[{"count":77,"href":"https:\/\/ricoybonito.com\/index.php\/wp-json\/wp\/v2\/pages\/413\/revisions"}],"predecessor-version":[{"id":925,"href":"https:\/\/ricoybonito.com\/index.php\/wp-json\/wp\/v2\/pages\/413\/revisions\/925"}],"wp:attachment":[{"href":"https:\/\/ricoybonito.com\/index.php\/wp-json\/wp\/v2\/media?parent=413"}],"wp:term":[{"taxonomy":"dipi_cpt_category","embeddable":true,"href":"https:\/\/ricoybonito.com\/index.php\/wp-json\/wp\/v2\/dipi_cpt_category?post=413"}],"curies":[{"name":"wp","href":"https:\/\/api.w.org\/{rel}","templated":true}]}}